{"id":648,"date":"2023-05-27T02:31:07","date_gmt":"2023-05-27T01:31:07","guid":{"rendered":"https:\/\/www.psykedeliskpraksis.dk\/?page_id=648"},"modified":"2025-01-27T02:03:34","modified_gmt":"2025-01-27T01:03:34","slug":"medier-2","status":"publish","type":"page","link":"https:\/\/www.psykedeliskpraksis.dk\/index.php\/medier-2\/","title":{"rendered":"Medier 2"},"content":{"rendered":"\n<div class=\"wp-block-cover alignfull\" style=\"min-height:550px;aspect-ratio:unset;\"><span aria-hidden=\"true\" class=\"wp-block-cover__background has-neve-link-color-background-color has-background-dim-10 has-background-dim\"><\/span><img loading=\"lazy\" decoding=\"async\" width=\"2560\" height=\"1707\" class=\"wp-block-cover__image-background wp-image-483\" alt=\"\" src=\"https:\/\/www.psykedeliskpraksis.dk\/wp-content\/uploads\/2021\/06\/698A1020-scaled.jpg\" style=\"object-position:58% 37%\" data-object-fit=\"cover\" data-object-position=\"58% 37%\" srcset=\"https:\/\/www.psykedeliskpraksis.dk\/wp-content\/uploads\/2021\/06\/698A1020-scaled.jpg 2560w, https:\/\/www.psykedeliskpraksis.dk\/wp-content\/uploads\/2021\/06\/698A1020-300x200.jpg 300w, https:\/\/www.psykedeliskpraksis.dk\/wp-content\/uploads\/2021\/06\/698A1020-1024x683.jpg 1024w, https:\/\/www.psykedeliskpraksis.dk\/wp-content\/uploads\/2021\/06\/698A1020-768x512.jpg 768w, https:\/\/www.psykedeliskpraksis.dk\/wp-content\/uploads\/2021\/06\/698A1020-1536x1024.jpg 1536w, https:\/\/www.psykedeliskpraksis.dk\/wp-content\/uploads\/2021\/06\/698A1020-2048x1366.jpg 2048w, https:\/\/www.psykedeliskpraksis.dk\/wp-content\/uploads\/2021\/06\/698A1020-930x620.jpg 930w\" sizes=\"auto, (max-width: 2560px) 100vw, 2560px\" \/><div class=\"wp-block-cover__inner-container is-layout-flow wp-block-cover-is-layout-flow\">\n<p class=\"has-text-align-center has-large-font-size\"><\/p>\n<\/div><\/div>\n\n\n\n<p class=\"has-text-align-center\" style=\"font-size:23px\"><br>Jeg har medvirket i radio- og TV-programmer, podcasts og nyhedsartikler, ofte i funktion af formand af Psykedelisk Samfund, af og til med mere fokus som privat-praktiserende. Her er en oversigt.<\/p>\n\n\n\n<hr class=\"wp-block-separator has-alpha-channel-opacity\"\/>\n\n\n\n<h2 class=\"wp-block-heading\">TV<\/h2>\n\n\n\n<p>I 2021 medvirkede jeg i programmet med den sympatiske journalist Anders, der unders\u00f8ger \u201cs\u00e6rpr\u00e6gede milj\u00f8er\u201d \u201cindefra\u201d. Det blev til at de overv\u00e6rede en session, hvor jeg med min dav\u00e6rende partner var bisidder for Kelds rejse p\u00e5 en moderat dosis psilocybin-tr\u00f8fler.<\/p>\n\n\n\n<p>Selve programmet var ganske l\u00f8digt. Jeg synes det ville have v\u00e6ret mere interessant at hj\u00e6lpe Anders til hans egen rejse, men det var \u00e5benbart uden for deres koncept.Indefra med Anders Agger, <a href=\"https:\/\/www.dr.dk\/drtv\/saeson\/indefra-med-anders-agger_278232\">s\u00e6son 8 afsnit 2: \u201cTrip\u201d<\/a><\/p>\n\n\n\n<div class=\"wp-block-group\"><div class=\"wp-block-group__inner-container is-layout-constrained wp-block-group-is-layout-constrained\"><div class=\"wp-block-image\">\n<figure class=\"aligncenter size-large\"><a href=\"https:\/\/www.dr.dk\/drtv\/saeson\/indefra-med-anders-agger_278232\"><img loading=\"lazy\" decoding=\"async\" width=\"1024\" height=\"476\" src=\"https:\/\/www.psykedeliskpraksis.dk\/wp-content\/uploads\/2022\/07\/andersaggertrip-1024x476.jpg\" alt=\"\" class=\"wp-image-603\" srcset=\"https:\/\/www.psykedeliskpraksis.dk\/wp-content\/uploads\/2022\/07\/andersaggertrip-1024x476.jpg 1024w, https:\/\/www.psykedeliskpraksis.dk\/wp-content\/uploads\/2022\/07\/andersaggertrip-300x140.jpg 300w, https:\/\/www.psykedeliskpraksis.dk\/wp-content\/uploads\/2022\/07\/andersaggertrip-768x357.jpg 768w, https:\/\/www.psykedeliskpraksis.dk\/wp-content\/uploads\/2022\/07\/andersaggertrip-1536x714.jpg 1536w, https:\/\/www.psykedeliskpraksis.dk\/wp-content\/uploads\/2022\/07\/andersaggertrip.jpg 1903w\" sizes=\"auto, (max-width: 1024px) 100vw, 1024px\" \/><\/a><figcaption class=\"wp-element-caption\"><em>DR2: Indefra med Anders Agger<\/em>: <em>&#8220;Trip&#8221;<\/em><\/figcaption><\/figure>\n<\/div>\n\n\n<hr class=\"wp-block-separator has-alpha-channel-opacity\"\/>\n<\/div><\/div>\n\n\n\n<div class=\"wp-block-columns is-layout-flex wp-container-core-columns-is-layout-9d6595d7 wp-block-columns-is-layout-flex\">\n<div class=\"wp-block-column is-layout-flow wp-block-column-is-layout-flow\">\n<h2 class=\"wp-block-heading\">Radio<\/h2>\n\n\n\n<p><strong>Radio4: \u201cBlomsterb\u00f8rns H\u00f8rm\u201d<\/strong><br><a href=\"https:\/\/www.radio4.dk\/program\/debat-blomsterboerns-hoerm\/?id=skal-vi-legalisere-psykedeliske-stoffer_ep_16_01_20\">16\/1\/2020: Skal vi legalisere psykedeliske stoffer?<\/a><br>Hvilke positive og negative effekter har psykedeliske stoffer? Hvem skal tage dem, og hvem skal ikke tage dem? Og skal vi legalisere brugen af dem? Og i hvilket omfang? Medvirkende: Karen Grue, Martin Kufahl, Margit Anne Petersen. V\u00e6rt: Anders Stjernholm<\/p>\n\n\n\n<p><a href=\"https:\/\/www.radio4.dk\/program\/debat-blomsterboerns-hoerm\/?id=skal-vi-legalisere-psykedeliske-stoffer-anden-omgang_ep_23_01_20\">23\/1\/2020: Skal vi legalisere psykedeliske stoffer? \u2013 Anden omgang<\/a><br>Denne uges udgave er Blomsterb\u00f8rns H\u00f8rm er en opf\u00f8lger fra sidste uge. I dag diskuterer vi, om Danmark skal legalisere eller afkriminalisere psykedeliske stoffer. Det g\u00f8r vi, fordi Alternativet, bakket op af LA og Enhedslisten, i sidste uge fremlagde et forslag om at afkriminalisere alle stoffer.<\/p>\n\n\n\n<p><strong>DR P1: \u201cSygt Nok\u201d om mikrodosering<\/strong><br>Sygt Nok handler om forskellige medicinske emner, og i denne udgave omkring <a href=\"Link: https:\/\/www.dr.dk\/radio\/p1\/sygt-nok\/sygt-nok-70\">mikrodosering<\/a>. Her f\u00e5r jeg lov til at \u00e5bne programmet med at snakke om mikrodosering fra en brugers perspektiv med v\u00e6rten og l\u00e6gen Maja Thiele. Resten af programmet er med Margit Anne Pedersen (Center for Rusmiddelforskning) og David Erritz\u00f8e (Imperial College).<\/p>\n\n\n\n<p><strong>Radio Loud<\/strong>:<strong> \u201cUdr\u00e5b!\u201d<\/strong><br>I april 2021 havde jeg oplevelsen af at v\u00e6re i den ungdommelige Radio Loud, i programmet \u201cUdr\u00e5b!\u201d shvor konceptet er at give forskellige mennesker en mulighed for at udtrykke og begrunde deres markante holdninger. Efter nogen kontemplation om hvilken holdning jeg mon havde lyst til at r\u00e5be ud i \u00e6teren, endte jeg med at have en hurtig times snak med den frisk-fyr-agtige studiev\u00e6rt Vitus om mit udr\u00e5b: <a href=\"https:\/\/loud.land\/episode\/bevidsthed-tag-ejerskab-over-din-bevidsthed\/\">Tag ejerskab over din bevidsthed!<\/a><\/p>\n<\/div>\n\n\n\n<div class=\"wp-block-column is-layout-flow wp-block-column-is-layout-flow\">\n<div style=\"height:78px\" aria-hidden=\"true\" class=\"wp-block-spacer\"><\/div>\n\n\n\n<figure class=\"wp-block-image size-large\"><img loading=\"lazy\" decoding=\"async\" width=\"1024\" height=\"542\" src=\"https:\/\/www.psykedeliskpraksis.dk\/wp-content\/uploads\/2021\/06\/radio4-debat-januar2-1024x542.jpg\" alt=\"\" class=\"wp-image-487\" srcset=\"https:\/\/www.psykedeliskpraksis.dk\/wp-content\/uploads\/2021\/06\/radio4-debat-januar2-1024x542.jpg 1024w, https:\/\/www.psykedeliskpraksis.dk\/wp-content\/uploads\/2021\/06\/radio4-debat-januar2-300x159.jpg 300w, https:\/\/www.psykedeliskpraksis.dk\/wp-content\/uploads\/2021\/06\/radio4-debat-januar2-768x406.jpg 768w, https:\/\/www.psykedeliskpraksis.dk\/wp-content\/uploads\/2021\/06\/radio4-debat-januar2.jpg 1200w\" sizes=\"auto, (max-width: 1024px) 100vw, 1024px\" \/><\/figure>\n\n\n\n<p><em>\u201cBlomsterb\u00f8rns H\u00f8rm\u201d i Radio4 den 23. januar 2020 med Jeppe Bruus (S), v\u00e6rten Anders Stjernholm, Brigitte Jerkel Klintskov (C) og undertegnede.<\/em><\/p>\n\n\n\n<figure class=\"wp-block-image size-full\"><img loading=\"lazy\" decoding=\"async\" width=\"800\" height=\"567\" src=\"https:\/\/www.psykedeliskpraksis.dk\/wp-content\/uploads\/2021\/06\/radioloud.jpg\" alt=\"\" class=\"wp-image-485\" srcset=\"https:\/\/www.psykedeliskpraksis.dk\/wp-content\/uploads\/2021\/06\/radioloud.jpg 800w, https:\/\/www.psykedeliskpraksis.dk\/wp-content\/uploads\/2021\/06\/radioloud-300x213.jpg 300w, https:\/\/www.psykedeliskpraksis.dk\/wp-content\/uploads\/2021\/06\/radioloud-768x544.jpg 768w\" sizes=\"auto, (max-width: 800px) 100vw, 800px\" \/><\/figure>\n<\/div>\n<\/div>\n\n\n\n<hr class=\"wp-block-separator has-alpha-channel-opacity\"\/>\n\n\n\n<h2 class=\"wp-block-heading\">Podcasts<\/h2>\n\n\n\n<p><strong><a href=\"https:\/\/denforbudteskole.dk\/podcast?people=Martin%20Kufahl\" data-type=\"link\" data-id=\"https:\/\/denforbudteskole.dk\/podcast?people=Martin%20Kufahl\">Den Forbudte Skole<\/a><\/strong><br>Alexander Grigat er en produktiv ung herre, som har gjort det til en dyd at ops\u00f8ge mennesker med interessante perspektiver omkring &#8220;forbudte&#8221; eller i det mindste kontroversielle emner, ofte af eksistentiel karakter. Vi havde os en god snak i efter\u00e5ret 2020 omkring hvordan det gik til at blev formand for Psykedelisk Samfund, og igen i efter\u00e5ret &#8217;21.<\/p>\n\n\n\n<ul class=\"wp-block-list\">\n<li><a href=\"https:\/\/anchor.fm\/denforbudteskole\/episodes\/21---Samtale-med-Martin-Kufahl--Psykedelisk-Samfund-og-reintegrationen-af-psykedeliske-substanser-eltk99\">Den Forbudte Skole #21<\/a> &#8211; Integrationen af psykedeliske substanser<\/li>\n\n\n\n<li><a href=\"https:\/\/www.podplay.com\/da-dk\/podcasts\/den-forbudte-skole-504414\/episodes\/81-samtale-med-martin-kufahl-om-psykedelisk-praksis-og-psykonautik-77128750\">Den Forbudte Skole #81<\/a> &#8211; Samtale om psykedelisk praksis og psykonautik<\/li>\n\n\n\n<li>S<a href=\"https:\/\/podcasters.spotify.com\/pod\/show\/denforbudteskole\/episodes\/Samtale-med-Martin-Kufahl-og-Marie-Louise-Trikys-om-deres-erfaringer-fra-Psychedelic-Therapy-Training--psykedelisk-mysticisme-og-kosmologisk-diversitet-e2abg3e\" data-type=\"link\" data-id=\"https:\/\/podcasters.spotify.com\/pod\/show\/denforbudteskole\/episodes\/Samtale-med-Martin-Kufahl-og-Marie-Louise-Trikys-om-deres-erfaringer-fra-Psychedelic-Therapy-Training--psykedelisk-mysticisme-og-kosmologisk-diversitet-e2abg3e\">amtale med Martin Kufahl og Marie-Louise Trik\u0161ys<\/a> om deres erfaringer fra &#8220;Psychedelic Therapy Training&#8221;, psykedelisk mysticisme og kosmologisk diversitet<\/li>\n<\/ul>\n\n\n\n<p><br><strong><a href=\"https:\/\/www.spreaker.com\/show\/dansk-psykedelika\">Dansk Psykedelika<\/a><\/strong><br>Denne podcast, drevet af Oliver Hovmand, l\u00e6ge og vordende psykiater, s\u00f8ger at rapportere fra den &#8220;psykedeliske verden&#8221; i Danmark, med fokus is\u00e6r p\u00e5 psykedelisk forskning og terapi. Tidligt i podcastens historie deltog jeg som formand for Psykedelisk Samfund. Siden har jeg v\u00e6ret med Oliver p\u00e5 udflugt vestp\u00e5 for at bes\u00f8ge og interviewe nogle ikoner i den psykedeliske verden, og deltager i en serie afsnit fra sidelinjen. Og s\u00e5 havde vi en samtale under INSIGHT konferencen i Berlin <\/p>\n\n\n\n<ul class=\"wp-block-list\">\n<li><a href=\"https:\/\/www.spreaker.com\/user\/13283011\/martin-kufahl\">Dansk Psykedelika #4<\/a> &#8211; Psykedelisk Samfund med Martin Kufahl<\/li>\n\n\n\n<li><a href=\"https:\/\/www.spreaker.com\/user\/13283011\/larris\">Dansk Psykedelika #18<\/a> &#8211; Sten Larris, forfatter til grundbogen i &#8220;hallucinogenologi&#8221;<\/li>\n\n\n\n<li><a href=\"https:\/\/www.spreaker.com\/user\/13283011\/iben\">Dansk Psykedelika #19<\/a> &#8211; Iben Nagel Rasmussen om stof- og ungdomskultur i 1960&#8217;erne<\/li>\n\n\n\n<li><a href=\"https:\/\/www.spreaker.com\/user\/13283011\/rene\">Dansk Psykedelika #20<\/a> &#8211; Professor og overl\u00e6ge Ren\u00e9 Ernst Nielsen om fors\u00f8g med psilocybin til behandling af depression ved AAU<br> &#8211; plus <a href=\"https:\/\/www.spreaker.com\/user\/13283011\/rene-reportage\">reportage fra terapirummmet og opf\u00f8lgende snak<\/a> mellem Oliver og jeg<\/li>\n\n\n\n<li><a href=\"https:\/\/www.spreaker.com\/user\/13283011\/insight-21\">Dansk Psykedelika #25<\/a> &#8211; Beretning fra konferencen INSIGHT 2021 i Berlin<\/li>\n<\/ul>\n\n\n\n<p><br><strong>Pia, the Psyche &amp; Psychedelics<\/strong><br>I sommeren 2022 havde jeg en god samtale med Pia Pedersen, v\u00e6rtinde for den norske podcast <a href=\"https:\/\/www.facebook.com\/piaopsyken\">Pia og Psyken<\/a>, i forbindelse med en s\u00e6r-udgave p\u00e5 engelsk om psykedelika. Her sad jeg i den varme stol som &#8220;undergrundsterapeut&#8221;. Podcasten er ikke udgivet endnu, men hold \u00f8je med <em>Pia, the Psyche and Psychedelics!<\/em><\/p>\n\n\n\n<hr class=\"wp-block-separator has-alpha-channel-opacity\"\/>\n\n\n\n<h2 class=\"wp-block-heading\">Konferencer<\/h2>\n\n\n\n<div class=\"wp-block-columns is-layout-flex wp-container-core-columns-is-layout-9d6595d7 wp-block-columns-is-layout-flex\">\n<div class=\"wp-block-column is-layout-flow wp-block-column-is-layout-flow\">\n<p><strong>Psykedelisk Dannelse 2021<\/strong><\/p>\n\n\n\n<p>Som formand for Psykedelisk Samfund var jeg medarrang\u00f8r til denne konference, og var desuden moderator for panelet <span style=\"text-decoration: underline;\"><a href=\"https:\/\/www.youtube.com\/watch?v=dQQlPu0S1rw\" target=\"_blank\" rel=\"noreferrer noopener\">Erfaringer fra Undergrunden<\/a><\/span>. <\/p>\n\n\n\n<p>Konceptet for dette panel var at tr\u00e6kke p\u00e5 erfaringerne fra nogle af de meste prominente praktiserende i en dansk kontekst. <\/p>\n\n\n\n<p>Deltagerne var Karen Grue, Jacob Moth (Den Magiske Have), Fanny Brandt (Det Vilde Liv) og Synne Justesen (Healing Rejser \/ Lykkebo). Det blev til en sp\u00e6ndende samtale om karakteren og v\u00e6rdien af den mystiske oplevelse.<\/p>\n\n\n\n<p>Som normal deltager eller frivillig har jeg i\u00f8vrigt deltaget i konferencerne:<\/p>\n\n\n\n<ul class=\"wp-block-list\">\n<li>Psykedelisk Symposium <em>(K\u00f8benhavn, 2017)<\/em><\/li>\n\n\n\n<li>INSIGHT Conference <em>(Berlin, 2021)<\/em><br>(h\u00f8r reportagen med Oliver Hovmand foroven)<\/li>\n\n\n\n<li>Nordic Psychedelic Science Conference <em>(Oslo, 2022)<\/em><\/li>\n\n\n\n<li>Psychedelics As Medicine <em>(Reykjavik, 2023)<\/em><\/li>\n\n\n\n<li>Interdisciplinary Conference for Psychedelic Research <em>(Amsterdam, 2024)<\/em><\/li>\n<\/ul>\n<\/div>\n\n\n\n<div class=\"wp-block-column is-layout-flow wp-block-column-is-layout-flow\"><div class=\"wp-block-image\">\n<figure class=\"aligncenter size-large is-resized\"><img loading=\"lazy\" decoding=\"async\" width=\"1024\" height=\"972\" src=\"https:\/\/www.psykedeliskpraksis.dk\/wp-content\/uploads\/2022\/08\/nordicset-1024x972.jpg\" alt=\"\" class=\"wp-image-608\" style=\"width:434px;height:411px\" srcset=\"https:\/\/www.psykedeliskpraksis.dk\/wp-content\/uploads\/2022\/08\/nordicset-1024x972.jpg 1024w, https:\/\/www.psykedeliskpraksis.dk\/wp-content\/uploads\/2022\/08\/nordicset-300x285.jpg 300w, https:\/\/www.psykedeliskpraksis.dk\/wp-content\/uploads\/2022\/08\/nordicset-768x729.jpg 768w, https:\/\/www.psykedeliskpraksis.dk\/wp-content\/uploads\/2022\/08\/nordicset-1536x1457.jpg 1536w, https:\/\/www.psykedeliskpraksis.dk\/wp-content\/uploads\/2022\/08\/nordicset.jpg 2048w\" sizes=\"auto, (max-width: 1024px) 100vw, 1024px\" \/><figcaption class=\"wp-element-caption\"><em>Nordic Psychedelic Science Conference, Oslo 2022<\/em><\/figcaption><\/figure>\n<\/div>\n\n\n<p><strong>Psykedelisk Dannelse 2021<\/strong><\/p>\n\n\n\n<figure class=\"wp-block-embed is-type-video is-provider-youtube wp-block-embed-youtube wp-embed-aspect-16-9 wp-has-aspect-ratio\"><div class=\"wp-block-embed__wrapper\">\n<div class=\"nv-iframe-embed\"><iframe loading=\"lazy\" title=\"Paneldialog - Erfaringer fra Undergrunden | Psykedelisk Dannelse 2021\" width=\"1200\" height=\"675\" src=\"https:\/\/www.youtube.com\/embed\/dQQlPu0S1rw?feature=oembed\" frameborder=\"0\" allow=\"accelerometer; autoplay; clipboard-write; encrypted-media; gyroscope; picture-in-picture; web-share\" referrerpolicy=\"strict-origin-when-cross-origin\" allowfullscreen><\/iframe><\/div>\n<\/div><figcaption class=\"wp-element-caption\"><em>Psykedelisk Dannelse<\/em> i K\u00f8benhavn 2021<\/figcaption><\/figure>\n<\/div>\n<\/div>\n\n\n\n<p><\/p>\n","protected":false},"excerpt":{"rendered":"<p>Jeg har medvirket i radio- og TV-programmer, podcasts og nyhedsartikler, ofte i funktion af formand af Psykedelisk Samfund, af og til med mere fokus som privat-praktiserende. Her er en oversigt. TV I 2021 medvirkede jeg i programmet med den sympatiske journalist Anders, der unders\u00f8ger \u201cs\u00e6rpr\u00e6gede milj\u00f8er\u201d \u201cindefra\u201d. Det blev til at de overv\u00e6rede en session,&hellip;&nbsp;<a href=\"https:\/\/www.psykedeliskpraksis.dk\/index.php\/medier-2\/\" class=\"\" rel=\"bookmark\">Read More &raquo;<span class=\"screen-reader-text\">Medier 2<\/span><\/a><\/p>\n","protected":false},"author":1,"featured_media":0,"parent":0,"menu_order":0,"comment_status":"closed","ping_status":"closed","template":"","meta":{"neve_meta_sidebar":"full-width","neve_meta_container":"default","neve_meta_enable_content_width":"off","neve_meta_content_width":70,"neve_meta_title_alignment":"","neve_meta_author_avatar":"","neve_post_elements_order":"","neve_meta_disable_header":"","neve_meta_disable_footer":"","neve_meta_disable_title":"on","footnotes":""},"class_list":["post-648","page","type-page","status-publish","hentry"],"_links":{"self":[{"href":"https:\/\/www.psykedeliskpraksis.dk\/index.php\/wp-json\/wp\/v2\/pages\/648","targetHints":{"allow":["GET"]}}],"collection":[{"href":"https:\/\/www.psykedeliskpraksis.dk\/index.php\/wp-json\/wp\/v2\/pages"}],"about":[{"href":"https:\/\/www.psykedeliskpraksis.dk\/index.php\/wp-json\/wp\/v2\/types\/page"}],"author":[{"embeddable":true,"href":"https:\/\/www.psykedeliskpraksis.dk\/index.php\/wp-json\/wp\/v2\/users\/1"}],"replies":[{"embeddable":true,"href":"https:\/\/www.psykedeliskpraksis.dk\/index.php\/wp-json\/wp\/v2\/comments?post=648"}],"version-history":[{"count":8,"href":"https:\/\/www.psykedeliskpraksis.dk\/index.php\/wp-json\/wp\/v2\/pages\/648\/revisions"}],"predecessor-version":[{"id":695,"href":"https:\/\/www.psykedeliskpraksis.dk\/index.php\/wp-json\/wp\/v2\/pages\/648\/revisions\/695"}],"wp:attachment":[{"href":"https:\/\/www.psykedeliskpraksis.dk\/index.php\/wp-json\/wp\/v2\/media?parent=648"}],"curies":[{"name":"wp","href":"https:\/\/api.w.org\/{rel}","templated":true}]}}